ppose -x + o = -0*o - 18, -a*x + 61 = 3*o. List the prime factors of x.
23
Suppose -14*s - 158 = -452. List the prime factors of s.
3, 7
Let f = 231 - 94. List the prime factors of f.
137
Suppose -l - 2*b = -3, 8*l = 3*l + 3*b + 28. Suppose 0 = 2*d + l*f - 21, -4*d + 3*f + f = 28. What are the prime factors of ((-2)/d)/(2/14)?
7
Let x(g) = -g**3 + 4*g**2 - 3*g. Let h be x(3). Suppose h = a - 5*v - 20 - 32, a + 4*v - 7 = 0. List the prime factors of a.
3
Let l(z) = -3*z**2 + 2*z - 9. Let b(j) = -7*j**2 + 5*j - 19. Let m(u) = 2*b(u) - 5*l(u). What are the prime factors of m(4)?
23
Let d(v) = v**3 - 4*v**2 - 7*v - 1. Let a = 26 + -20. What are the prime factors of d(a)?
29
Suppose 2*z - 45 = -3*z. List the prime factors of z.
3
Let c = -1 - -1. Suppose 5*m - 58 = -3*h, 2*m + 2*h = -c*m + 20. List the prime factors of m/3 + 4/(-6).
2
Let i(y) = -10*y**3 - y**2 - 2*y - 1. Let w = 0 - -1. Suppose 4*a - 5 = -4*l - w, -l = -2. What are the prime factors of i(a)?
2, 5
Suppose 330 = 6*v - v. Suppose -6 = 4*m - v. What are the prime factors of m?
3, 5
Let c(a) = 2*a**2 - 3*a + 3. Let g = 2 - 2. Let l be 2/(1 + g) - 0. What are the prime factors of c(l)?
5
Let k(z) = z**2 + 5*z - 34. Let u be k(-10). Let x be (-2)/(-4) + (-5)/2. Let y = x + u. List the prime factors of y.
2, 7
What are the prime factors of 1/(-5) + (-522)/(-10)?
2, 13
Let c(v) = 10 - v - 2*v - 12 + 4. Let m be (3/4)/(1/(-4)). List the prime factors of c(m).
11
Suppose -l - l + 108 = 0. Suppose -4*r = -2*b - l, -5*r + 4*b = -54 - 6. What are the prime factors of r?
2
Let j(u) = -6*u. Let g(h) = -7*h + 1. Let m(b) = -2*g(b) + 3*j(b). Let r be m(-3). What are the prime factors of r/2 - (-2)/1?
7
Let w(r) be the first derivative of -r**2 - 10*r - 2. Let l = 10 + -17. List the prime factors of w(l).
2
Let j = 21 + 66. List the prime factors of j.
3, 29
Suppose -z + 4 = 0, p - 140 = -2*p + z. Suppose 0 = 3*k + k - p. List the prime factors of (-3 + 51/12)*k.
3, 5
Let n(w) = -w**2 - 7*w - 5. Let v be 1/(3/(-15))*1. Let c be n(v). Suppose 0 = -c*m - 3*q + 23, 3*m + q - 9 = -2*q. List the prime factors of m.
7
Suppose 2*l - 286 = -i, 9*l - 4*l - 2*i = 706. List the prime factors of l.
2, 71
Suppose 3*k = -0*k + j + 7, 4*k + 4 = -2*j. Let i(s) = -3*s**3 + s**2 - 1. Let b be i(k). What are the prime factors of (b/3 - 2) + 14?
11
Let v(m) = 4*m**2 + 1. List the prime factors of v(-2).
17
Let u(g) = -36*g - 23. What are the prime factors of u(-6)?
193
Let h(y) = y**3 + 7*y**2 - 8*y + 3. Let n be h(-8). Suppose -7 = -2*r + 6*l - l, -3 = -n*l. What are the prime factors of r?
2, 3
Suppose -7*r + 204 = -3*r. Let h = 75 - r. What are the prime factors of h?
2, 3
Let g = -66 - -35. Suppose 0 = -w, -r + 225 = 4*r + w. Let k = g + r. List the prime factors of k.
2, 7
Let c(b) = b**3 + 6*b**2 + 6*b + 3. Let g(m) = 2*m - 2. Let t be g(10). Suppose 3*d = -n - 9, 4*n - t = 3*d + 6. List the prime factors of c(d).
11
Suppose 0 = 4*i + 2*w - 820, -w + 187 = i - 5*w. List the prime factors of i.
7, 29
Suppose -h - 4*h = 0. Let w(k) be the third derivative of -k**5/60 + 4*k**3/3 - k**2. What are the prime factors of w(h)?
2
Let y(d) = 6*d**2 - d + 9. List the prime factors of y(5).
2, 7, 11
Suppose -27 + 168 = 5*s + 2*o, -3*s = -5*o - 97. Let y = -9 + s. List the prime factors of y.
2, 5
Let a = -17 - -20. What are the prime factors of a?
3
Let v be (-140)/(-10) - (-3)/(-1). Let q = -6 + v. What are the prime factors of q?
5
Suppose 25 = 3*d + 70. What are the prime factors of (-138)/(-15) + 3/d?
3
Suppose 0 = 5*n + 2*f, 3*f = -n - 0*f. Suppose n = 5*w - 4*t - 34, 4*w - 10 = 4*t + 14. What are the prime factors of w?
2, 5
Let n be (12/(-5))/6*-10. Let i be 1 + -1 + 0/1. Suppose i*f + 58 = n*f - 2*w, f - 3*w = 22. What are the prime factors of f?
13
Let q(b) = 7*b + 1. Let u be q(1). Let d = -6 + u. What are the prime factors of d?
2
Let m(i) = 5*i - 2. Let f be m(2). Let v be (-1)/3 + 171/27. Let x = f - v. What are the prime factors of x?
2
Let o(y) = y + 5. Let v be o(-6). What are the prime factors of v/(-3) - 462/(-18)?
2, 13
Suppose -15 = -2*z - 5*t, -2*t - 11 = -2*z - 3*t. Suppose 16 - 41 = -z*b. What are the prime factors of b?
5
Suppose -556 = 8*u - 2076. List the prime factors of u.
2, 5, 19
Suppose 4*g = -5*a - 0*a - 31, -3*g - 6 = -2*a. Let f be (1/(-2))/(g/(-16)). List the prime factors of ((-11)/f)/((-1)/(-2)).
11
Let q = -141 + 303. List the prime factors of q.
2, 3
Let f(g) = -4 + 1 - 5 + 2*g. Let w = 12 + -4. List the prime factors of f(w).
2
Let w = -29 + 48. What are the prime factors of w?
19
Let t(l) = -l**2 + 2*l + 1. Let y(d) = d**3 - 6*d**2 + 3. Let f be y(6). Let j be t(f). List the prime factors of j/3 - (-20)/3.
2, 3
Let c(r) be the first derivative of r**3/3 + r**2 - 7. List the prime factors of c(-6).
2, 3
Let h(c) = c + 19. Let x be h(-13). Let m(y) = y**3 - y**2 + 1. Let n(w) = w**3. Let g(z) = 6*m(z) - 5*n(z). What are the prime factors of g(x)?
2, 3
Let j be 82/(-10) + (-2)/(-10). List the prime factors of (j/12)/((-4)/90).
3, 5
Suppose -8 = d - 7. Let b(a) = -16*a**3 + a. List the prime factors of b(d).
3, 5
Suppose 4*r - 15 = -r, 5*d + 5*r = 40. Suppose -f = -d*f + 5*n - 6, 0 = -4*f + 2*n. Let b = 2 + f. What are the prime factors of b?
3
Suppose l - 113 = -2*l + 2*h, 5*l - h - 193 = 0. List the prime factors of l.
3, 13
Suppose x = 2*n + 3*x + 28, 2*n + 32 = -3*x. Let z = 34 - 24. List the prime factors of z*(14/n + 3).
2
Suppose o + 2*r = -10, 4*r + 25 = 5*o - r. Suppose -4*n + 4*p = -o - 32, 3*p - 8 = -n. Let c = 13 - n. List the prime factors of c.
5
Suppose -3*i + 125 = -2*i - l, 133 = i - 3*l. What are the prime factors of i?
11
Let l = -22 + 16. Let n be (l/8)/(1/(-4)). What are the prime factors of (-1 + n)*(-27)/(-6)?
3
Let f = 8 - 1. What are the prime factors of f?
7
Suppose -2*z = -p + 2*p, -4*z - 5*p = 0. Suppose g + 3*g + 12 = z. Let b = g - -5. What are the prime factors of b?
2
Let q = 98 + -62. Let z = 71 - q. List the prime factors of z.
5, 7
Let u = 17 + -13. Suppose u*k + 0*k = 60. What are the prime factors of k?
3, 5
Let b = -2 - 0. Let z be (-26)/(2*-1) - b. What are the prime factors of (-1)/(5/(-2))*z?
2, 3
Let w(b) = 3*b**2 - 2*b - 2. Let c be w(2). Let j = c - 2. Suppose j*y = -4*d - y + 29, 2*d - 31 = 3*y. What are the prime factors of d?
11
Suppose 4*t - 3*q - 23 = -4, 18 = -2*t - 4*q. Let z(f) = f**2 + 1 - f + 4 + 11*f**3 - 4. What are the prime factors of z(t)?
2, 3
Let b(z) = z**2 + 4*z + 5. Suppose -4*p = 5*o + 29, -3*p - 23 = 3*o + o. Let j be b(o). Let m = 19 - j. What are the prime factors of m?
3
Suppose -4*t = t + 45. List the prime factors of (-4)/(-6) - 237/t.
3
Let b(p) = -2*p**3 + p**2 - 2*p + 1. Let w be b(1). Let s = w + 5. Suppose s*z + 3 = 2*a - 6, -2*z + 7 = 3*a. List the prime factors of a.
3
Suppose -153 = 2*f - 3*f + 4*i, 4*i = 12. What are the prime factors of f?
3, 5, 11
Let z = 3 - 2. Suppose y = 12 + z. What are the prime factors of y?
13
What are the prime factors of 3 + (31 - -1) - -3?
2, 19
Let s = -2 - -4. Suppose -2 = -g + s. List the prime factors of g.
2
Let w = 456 + -246. What are the prime factors of w?
2, 3, 5, 7
Let p(k) = k**3 + 3*k**2 - 3*k - 1. Let j be p(-4). List the prime factors of ((-8)/j)/(6/30).
2
Let t = -361 - -532. What are the prime factors of t?
3, 19
Let u(a) = 36*a - 26. What are the prime factors of u(9)?
2, 149
Let h = -8 - -11. Let k(i) = -2*i + i**h + 0*i**3 - 9 - 10*i**2 - 10*i + 2*i. What are the prime factors of k(11)?
2
Let a(j) = -j**3 - 6*j**2 - 6*j - 2. Let i be a(-5). Suppose 3*b = r + 7*b - 4, i*b - 7 = -r. What are the prime factors of r?
2
Suppose 0 = -3*d + 10 + 5. Suppose -d*n = -3*n - 38. List the prime factors of n.
19
Let o be 18/15*(-20)/6. What are the prime factors of 11 + o/(6/3)?
3
Let k = -1 - -1. Suppose c - 4*p - 7 = k, 5 = -c - 3*p + 4*p. Let o = c - -22. List the prime factors of o.
13
Let l = 17 + 2. Suppose f - 15 = 5*u, 3*u + l = 3*f + u. List the prime factors of f.
5
Let n(l) = 4*l + 9. Let g(m) = 9*m + 17. Let b(f) = -3*g(f) + 7*n(f). What are the prime factors of b(-6)?
2, 3
Suppose 3*l - r + 5*r = -17, 3*l + 22 = -5*r. Suppose 0*p = 3*p. Suppose 3*k = -4*g - l, p = 4*k - 4*g - 42 + 6. What are the prime factors of k?
5
Let x = 12 + -4. List the prime factors 